/(-4) is divided by 13.
11
Let v = 19 + 0. What is the remainder when 35 is divided by v?
16
Suppose -4*o + 8 = -0*o. Let y be -1 + 3 - (-1 - -2). What is the remainder when 14 is divided by 2 + y + (o - 0)?
4
Let o(r) = 5*r**2 - 8*r - 7. What is the remainder when 69 is divided by o(3)?
13
Let a(r) = 5*r - 2. Let i(n) = 2*n - 1. Let p(z) = 3*a(z) - 7*i(z). Let w be p(-4). Calculate the remainder when (-1)/3*w*31 is divided by 11.
9
Let c be (-1)/(2*(-1)/8). Suppose -c*a + a + 75 = 0. Calculate the remainder when a is divided by 13.
12
Suppose 0 = -j - 3 + 26. What is the remainder when j is divided by 8?
7
Suppose -5*z + 8*z - 81 = 0. Calculate the remainder when z is divided by (1 + (-2)/(-4))*10.
12
What is the remainder when (-5 - (-216)/(-32))/((-2)/8) is divided by 10?
7
Let u = -25 + 72. Let t(g) = -8*g**3 - 2*g**2 + 1. Let z be t(1). What is the remainder when u is divided by (-146)/z - (-6)/(-27)?
15
Suppose 0 = -2*h - 4, d + 4*d - 233 = -h. What is the remainder when d is divided by 10?
7
Let o be 8*((-5)/(-2))/5. Suppose -g + 8 = -o. Let m = 18 - 11. What is the remainder when g is divided by m?
5
Let d = -10 - -15. Suppose 3*q + 18 = 2*z + 5*q, -2*q + 44 = 4*z. Calculate the remainder when z is divided by d.
3
Let s = 18 - 0. Let d = -4 + 7. Suppose d*f + 8 = 167. Calculate the remainder when f is divided by s.
17
Suppose 4*j = -4*s, -s = 2*j - 0 + 2. What is the remainder when s is divided by 6/8 + (-5)/(-4)?
0
Let k = 18 + -1. Calculate the remainder when 31 is divided by k.
14
Suppose -3*i = -3, -5*i - 89 = 2*k - 0*i. Let f = -28 - k. Calculate the remainder when f is divided by 7.
5
Suppose 0 = 5*a - 5, 4*l - 4*a + 7 = -1. Calculate the remainder when 34 is divided by (12/9)/(l/(-9)).
10
Suppose 0 = 4*z + 2*w - 48, -2*z + 0*z + 22 = 2*w. Let h = z - -1. Suppose -3*b + h = -31. Calculate the remainder when 43 is divided by b.
13
Let v(g) = -3*g + 1. Let z be v(6). Let y = 25 + z. Calculate the remainder when 23 is divided by y.
7
Let y be (-8)/(-5)*(-20)/(-8). Let i = y + 1. Calculate the remainder when 13 is divided by i.
3
Let i = -9 - -50. Let j(q) = 0*q - q + 3*q - 2. Calculate the remainder when i is divided by j(8).
13
Calculate the remainder when -3 + 3 - (-56 + (-3)/3) is divided by 12.
9
Let f be (-4)/6*(-9)/2. Calculate the remainder when 2 is divided by (-5)/(-2) - f/6.
0
Suppose 2*g - 62 = 2*h, 2*h - 5*g = -2*g - 60. Let j = h + 54. What is the remainder when j is divided by 8?
5
Let y = -3 + 30. Calculate the remainder when y is divided by 14.
13
Suppose i - 12 = -2*d, 2*i = -2*d - 0*i + 14. What is the remainder when 9 is divided by d?
4
Let i(w) = -7*w. Let d be i(5). Let y = -21 - d. Calculate the remainder when ((-7)/((-21)/(-60)))/((-11)/22) is divided by y.
12
Suppose 1 - 11 = 5*j. Let x(k) = 2*k**2 + 4*k + 3. What is the remainder when 8 is divided by x(j)?
2
Let f = 19 + -13. Suppose -2*w - w + f = 0. Calculate the remainder when 5 is divided by w.
1
Suppose 3*k = 70 + 602. Suppose 3*v + 107 = 2*r, k = 5*r + 5*v - 81. Let a = 99 - r. What is the remainder when a is divided by 21?
20
Suppose 48 = y + 3*y. Calculate the remainder when -1 + y - (3 + -3) is divided by -6*((1 - 1) + -1).
5
Suppose -3*m + 0*m + 120 = 0. Suppose 0 = 3*r - m + 16. Let w = -2 + r. Calculate the remainder when 10 is divided by w.
4
Suppose -4*l + 49 = 5*j, 0*j + 50 = 5*j + 5*l. Let p = j - 6. Calculate the remainder when 1 is divided by (-1)/(p/(-1*3)).
0
Let f(k) = -2*k + 10. Calculate the remainder when f(-11) is divided by 6.
2
Let t = -35 + 51. Calculate the remainder when t is divided by 6.
4
Let a(o) be the second derivative of 4*o**5/5 + o**3/6 - o**2/2 + o. Calculate the remainder when a(1) is divided by 9.
7
Suppose 21*j - 137 = 20*j. Calculate the remainder when j is divided by 20.
17
Suppose -4*k + 53 = -35. What is the remainder when 64 is divided by k?
20
Suppose -5*k - 4*i = -63, -3*k - 4*i = k - 48. Suppose 0 = -5*w - 0*w + k. Calculate the remainder when 10 is divided by w.
1
Suppose w = 2*y + 7, y = -2*w - 9 + 33. Suppose -p = -3*k - 1 + 2, k = -p + w. Suppose -7*z + 3*z = -p. Calculate the remainder when 3 is divided by z.
1
Suppose -a + 6*a = 55. Let h(y) = 4*y + 5. Calculate the remainder when h(4) is divided by a.
10
Suppose 8 - 38 = -5*a. Let p(z) = z - 3. Let f(t) = -t**3 + 3*t**2 + 2*t - 1. What is the remainder when f(3) is divided by p(a)?
2
Let r(z) = -3*z**3 + z**2 - 4*z - 3. Calculate the remainder when r(-2) is divided by 12.
9
Let v(d) = -3*d - 2. Suppose -6*i = -4*i - 34. What is the remainder when v(-11) is divided by i?
14
Let b(c) = -c**3 + 4*c**2 + 31*c - 8. What is the remainder when b(7) is divided by 7?
6
Suppose d = r - 2*d + 12, 0 = 5*r - 3*d. Suppose 17 - r = 2*z. Suppose 2*q - 34 = -2*x - 2*q, -3*q - 42 = -x. What is the remainder when x is divided by z?
6
Let o(d) = 5*d - 3. Let z(s) = -6*s + 2. Let t(j) = -5*o(j) - 6*z(j). Suppose 6*y = 17 + 1. Calculate the remainder when t(y) is divided by 19.
17
Let i(k) = -k + 3. Let p be i(2). Let n(u) = 60*u**3 + u**2 + u - 2. What is the remainder when n(p) is divided by 21?
18
Suppose -5*t - 13 = -w + 5, -5*w + 67 = -2*t. Calculate the remainder when (1 - 50/(-1)) + -2 is divided by w.
10
Let j(z) = 2*z + 2. Let w(u) = u + 2. Let y(d) = 2*j(d) - 3*w(d). Calculate the remainder when 10 is divided by y(8).
4
Let t(a) = 7*a - 40. What is the remainder when 91 is divided by t(9)?
22
Let x(w) = -6*w + 4. Let s = -11 - -9. Suppose 2*b = -2*k + 68, -3*k + 4*k - 38 = -2*b. Calculate the remainder when k is divided by x(s).
14
Suppose -3*p - 4*n + 166 = -206, -620 = -5*p + 2*n. What is the remainder when p is divided by 32?
28
Let c(v) = v**3 - 2*v**2 + 3*v + 4. Let m be c(3). What is the remainder when 17 is divided by (-11)/m*20/(-2)?
2
Suppose 6*c = c + 110. What is the remainder when 41 is divided by c/(-1)*(-1)/2?
8
Let l = -1 - 2. Let f = l - -7. Suppose -3*i = q - 63, f*q = -2*i - i + 63. Calculate the remainder when i is divided by 11.
10
Suppose -3*j + 17 = 5*z, -4*j - z = -6*j + 33. What is the remainder when 25 is divided by j?
11
Suppose 2*r = 1 + 11. Suppose 0 = 4*i - 5*u - 19, -i + r = 2*u - 2. What is the remainder when 44 is divided by 627/27 + i/(-27)?
21
What is the remainder when (-2)/(-7) - 1216/(-7) is divided by 22?
20
Suppose -4*f - 15 = -3*m + f, -5 = -m - 5*f. What is the remainder when m is divided by 4?
1
Suppose 5*z + 49 = 4*l, -5*z + 3*z = -3*l + 35. Let w(s) = -s**3 - 7*s**2 + 4*s - 14. What is the remainder when w(-8) is divided by l?
7
Let q = -13 + -29. Let f = q + 22. Let h = f + 54. Calculate the remainder when h is divided by 18.
16
Let t = -101 + 104. Suppose 6 = 4*f - 2*f. What is the remainder when t is divided by f?
0
Suppose 0 = 3*t + 5*w - 33, 3*t - 3*w - 39 = -6*w. What is the remainder when 78 is divided by t?
14
Let g = -9 + 116. Let n = g + -73. Suppose 0 = 2*z + 4*r - 32, 0 = -5*z + r - 5*r + 68. Calculate the remainder when n is divided by z.
10
Suppose 3*n - n = 0. Suppose 3*o - 5*z - 38 = -z, -z + 4 = n. Let v = -32 - -66. What is the remainder when v is divided by o?
16
Calculate the remainder when ((-20)/8)/((-2)/24) is divided by 16.
14
Let h = -15 + 55. Let g(n) = -n**3 + n**2 - 2*n + 14. What is the remainder when h is divided by g(0)?
12
Let r = 20 + 13. Suppose i + 15 = 3*i + 3*f, 4*i + 2*f = 34. Calculate the remainder when r is divided by i.
6
Suppose 6*h - 4*h = 82. What is the remainder when h is divided by 5?
1
Suppose 2*v = f - 0 + 1, 4*v - 3*f + 3 = 0. Suppose -277 = -3*y + 4*z, v*y + 79 = 4*y + 2*z. What is the remainder when y is divided by 30?
27
Let s(u) = -12*u + 33. What is the remainder when s(0) is divided by 6?
3
Suppose 2*j - 11 = -f, -3*f = -4*f + j - 1. Let h be -1*94*(-2)/4. Suppose -3*v = -2*v + f*i - 6, 2*v - h = i. Calculate the remainder when v is divided by 12.
9
Let q be (-10)/6*48/4. Let l = 1 + q. What is the remainder when (1 - l) + (8 - 10) is divided by 5?
3
Let q(o) = o**3 + 13*o**2 - 15 + 5*o + 0*o**3 + 5*o. Calculate the remainder when 33 is divided by q(-12).
6
Let c(j) = -6*j - 11. Let v(n) = -2*n + 5. Let p be v(7). Let t = 4 - -7. What is the remainder when c(p) is divided by t?
10
Suppose -5*b + 16 = 3*p - 2, -2*b + 4*p + 28 = 0. Let y(w) = -w**2 + 7*w + 4. C